*l - 5*t - 455. Suppose 0 = -3*q + 523 + l. Is q composite?
False
Suppose -2*w = -88*f + 92*f - 279990, w + 5*f - 139974 = 0. Is w prime?
True
Let s be (-4)/10 + (-2)/(-5). Suppose 3*n + 3*c - 12 - 6 = 0, s = -5*n - 4*c + 26. Suppose 3*i + 674 = 2*v, 0 = -3*v - n*v + 5*i + 1685. Is v composite?
False
Let h = -44 - -116. Let i = h - 73. Is 23*(0 + i)/(2/(-34)) composite?
True
Let l = -113 + 170. Suppose -5*p + l + 23 = 0. Suppose 5*y = u - 55, -2*u - p = -y - 126. Is u composite?
True
Suppose -5*j + 446728 = 2*z - 10*j, -670053 = -3*z + j. Is z a prime number?
False
Let w(o) = 257*o**2 - 2*o - 1. Let r be 1 - (-2)/(110/25 - 4). Is w(r) a composite number?
False
Let j = -3783 - -2679. Let u = 2191 + j. Is u a prime number?
True
Suppose 0 = 62*y - 6180299 - 22503753. Is y prime?
False
Let l(i) = 2*i**3 + 56*i**2 - 13*i - 8. Let k(d) = 2*d**3 + 13*d**2 - 5*d - 13. Let x be k(-7). Is l(x) composite?
False
Let q be ((-6)/4)/(4/(-6864)*-11). Is (-179982)/q - (-4)/(-26) a composite number?
False
Suppose -9*y - 30*y + 1260753 = 0. Is y a composite number?
False
Let l(t) = -76*t**3 + 16*t**2 + 16*t + 31. Is l(-11) prime?
False
Let l = -792 - -459. Suppose 2185 = 4*a - f, 550 = a + 304*f - 308*f. Let k = l + a. Is k prime?
False
Let o = 18516 + -9844. Suppose 2*g - 810 = o. Is g a prime number?
False
Suppose 0*n + 5*u + 1366 = 2*n, n = -2*u + 701. Let q = n - -65. Suppose 3*p = 5*h + q, 4*p = 3*h + 565 + 442. Is p a composite number?
False
Let g = 584896 - -20747. Is g composite?
True
Let r be ((-8)/(-20))/(1/((-10)/(-2))). Let d be (r - 4/(-24)) + (-1)/6. Suppose 0 = -d*u + 144 - 58. Is u a prime number?
True
Let m(s) = -158*s**3 + 2*s**2 + 14*s - 31. Is m(-4) a composite number?
True
Let y be 1 + 0/3 + 155. Let f = 6079 - y. Is f a composite number?
False
Let q = 3 + 0. Suppose 0 = q*r - 7 - 8. Suppose 3*g - 3727 = 2*s - s, -3*g - r*s = -3739. Is g a prime number?
False
Let r = -919 - 877. Suppose -2*g - 93 + 35 = 4*z, -3*z - 36 = 4*g. Is ((-60)/z - 4)*r a prime number?
True
Let f be (724/(-5))/(64/(-2400)). Let a be (-1)/((-39)/(-36) - 1). Is (1 - f/a)*(2 - 0) a composite number?
False
Let r(s) = 3*s**2 + 8*s - 2. Let a(x) = -1. Let p(w) = -3*a(w) + r(w). Let y be p(-3). Suppose 2 + 4 = 2*j, 0 = 4*z - y*j - 1048. Is z prime?
False
Let r(n) = -10*n - 34. Let k be ((-10)/40)/(1/(-32)). Let c be r(k). Let v = 257 + c. Is v a prime number?
False
Suppose 10*g - 180 = 6*g. Suppose -5*a + g = -15. Is (a/18 + (-3857)/3)/(-1) prime?
False
Let b(j) = 326*j + 1. Let n = -134 + 147. Suppose 5*z = -4*k + 7, 4*z - n = -2*k - 5. Is b(z) composite?
True
Let v = 19999 + 78314. Is v prime?
False
Suppose 94*g = 99*g - 42180. Suppose -14*i + 8*i = -g. Suppose 0*t + i = o - 4*t, 2800 = 2*o + 4*t. Is o prime?
False
Suppose -8340*o = -8285*o - 26486405. Is o prime?
True
Let i be (-16)/(-72) - (-162368)/(-36). Let y = -2293 - i. Is y prime?
False
Let g(s) = 15*s - 178. Let i be g(12). Suppose 5*f - 63177 = -i*a, f - 6*a + 4*a = 12645. Is f a prime number?
True
Suppose -2*k + 0 = -6. Suppose 0 = -3*m + 2*w + 4, k*w + 4 = 5*m - 2. Suppose -5*u + 4265 + 2540 = m. Is u prime?
True
Suppose -4*m + 16030 = 3*m. Suppose -3*f - 3561 + 152 = 4*q, 5689 = -5*f - 3*q. Let b = f + m. Is b prime?
True
Let o(p) = -3*p**3 + 19 - 22*p**2 - 114 + 11*p**2 - 31*p - 11*p**2. Is o(-18) a prime number?
True
Let c(s) = 227*s - 2. Let q(w) = 455*w - 3. Let v(u) = -7*c(u) + 3*q(u). Let f = 735 + -741. Is v(f) a composite number?
True
Let f(w) = 190*w**2 - 19*w + 2. Let m be f(-6). Is 1 - (m/(-8)*2 + 5) composite?
True
Suppose 28 = a + 6*a. Suppose a*u = -4*v + 7476, 3*v + 28*u = 29*u + 5627. Is v prime?
False
Let k be 27/(-45) + 1 - (-76)/10. Let i(r) = 76*r**2 + r - 11. Is i(k) a prime number?
True
Let j be ((-126)/45)/(2/(-5)). Suppose 3*w - 5 = j. Suppose 5320 = -w*o + 26540. Is o composite?
True
Let g = 33 + -30. Suppose g*o - 71 - 13 = 0. Is (-3174)/(-8) - (4 - 119/o) a composite number?
False
Let h(b) = 16*b - 161. Let v be h(10). Let j(p) = 17656*p**3 + 6*p**2 + 2*p + 1. Let w(s) = s**2. Let o(m) = -j(m) + 6*w(m). Is o(v) a prime number?
True
Let i(p) = -4198*p - 26. Let j be i(10). Let a = -29525 - j. Let s = -8538 + a. Is s composite?
False
Let f(d) = 29*d + 34. Let x be f(0). Suppose -x*c + 31*c + 21981 = 5*t, -2*t + 36635 = 5*c. Is c prime?
False
Suppose -65798555 = -101*z + 43581011. Is z prime?
False
Suppose 0 = -5*q + 23*s - 26*s + 98863, -4*s + 59331 = 3*q. Is q prime?
False
Let c(o) = 2*o + 1 + 13*o**2 - o + o + 0*o**2. Let t(g) = g**2 + g + 1. Let f(k) = c(k) + 3*t(k). Is f(-5) composite?
False
Let r = -45846 - -92743. Is r composite?
True
Let u(s) = 26149*s + 1484. Is u(5) composite?
False
Is 2 - (-7 + -4170293)/12 a prime number?
False
Let g(h) = 6*h + 19. Let p be g(-4). Let o be (634/(-4))/(p/(-10))*-2. Is o/2 - (0 - 2) a prime number?
False
Let i(x) = -675*x**3 - 7*x**2 - 15*x - 133. Is i(-6) composite?
True
Suppose -4*c = -0*c + 5*b - 3131356, 5479873 = 7*c + 5*b. Is c a composite number?
False
Let n = 3265 + 13068. Is n prime?
True
Let b = -50 + 61. Suppose 0 = 2*v + b*v - 45643. Is v a prime number?
True
Let c be 104/(-39)*3/2 + 20645. Suppose 0 = 10*t - c - 1099. Is t prime?
False
Suppose 0*g + 19 = 2*g - 3*f, g = -2*f - 8. Is -1*(-3417)/6*g composite?
True
Let q be (-46)/4 + (-2)/(-4). Let n(g) be the first derivative of g**4/4 + 14*g**3/3 - g**2 - 4*g + 2194. Is n(q) a composite number?
True
Let y = -738 + 2078. Suppose 2*m = -3*m + y. Suppose -4*j + 2808 = -m. Is j prime?
True
Let m be (-6)/30 - 42/(-10). Let v be (-1*m)/(8/(-32)). Suppose -18*f + 2378 = -v*f. Is f prime?
False
Suppose -180*j + 78*j + 91*j + 5100062 = 0. Is j composite?
True
Let j = 35864 + 13385. Is j a composite number?
True
Let t = 12053 + -6862. Is t composite?
True
Is 8396230/150 + -2 - (-8)/60 a composite number?
True
Let s = -454 + 116. Let v = -199 - s. Is v a prime number?
True
Let v(m) be the second derivative of -3*m**2 - 21*m + 0 + 7/6*m**4 - 7/6*m**3. Is v(-5) a prime number?
True
Let b be (2506/5)/7 - (-6)/15. Suppose -66*v + b*v - 13326 = 0. Is v a composite number?
False
Let h(t) be the first derivative of 169*t**3/3 + 3*t**2/2 - 4*t - 2. Let u be h(3). Let q = u - 819. Is q a composite number?
True
Let g be ((-5)/(105/28))/(1/3). Let q(c) = -384*c - 23. Is q(g) composite?
True
Suppose -4*c - 743 = -2195. Let p = c + 1610. Is p composite?
False
Suppose -58*c = -119830 - 202600 - 47552. Is c composite?
False
Let h(b) be the second derivative of 25*b**4/12 + b**3/6 - 19*b**2/2 - 71*b. Is h(7) a prime number?
True
Suppose r - 2*r = -7. Suppose 0 = 5*l + 12*a - r*a - 49610, 49608 = 5*l + 3*a. Is l a composite number?
True
Suppose -a - 3*l + 3302990 = 0, 2705*a - 2708*a + 2*l = -9908959. Is a prime?
True
Is (4/26 + (-1002427)/65)/((-2)/10) prime?
False
Let j = 501 - 501. Suppose -10*t + 28*t - 252846 = j. Is t prime?
False
Suppose 3*o - 2*o = 5*m + 389, 2*o - 3*m = 806. Let b = o - -2470. Is b prime?
True
Suppose f + 3969988 = 4*c, 3*c - 459*f + 462*f = 2977491. Is c prime?
False
Let g be -15*((1 - (-1430)/(-3)) + 4). Suppose 5*p = 4*i + g, -4*p - 4*i + 5660 = i. Let y = p - 774. Is y a composite number?
False
Let w = 7758 - 6137. Is w a composite number?
False
Is 746562/24*5*-1*(-12)/15 composite?
False
Let c = 9515 - -452. Is c prime?
True
Let p(a) be the third derivative of 427*a**4/12 + 20*a**3/3 - 35*a**2. Let g be p(5). Suppose 0 = -8*z - g + 18046. Is z a composite number?
True
Suppose 5*w = 7*w - 12. Suppose 4*f - 2 = w. Suppose 2*j = -2*a + j + 653, f*j + 10 = 0. Is a a composite number?
True
Suppose -56 = -16*r + 2*r. Let b be (-55)/(-10) + (-2)/r. Suppose -l - b*s + 149 = 0, s = -s. Is l a composite number?
False
Let h be (-551684)/(-84) - (-2)/(-3). Let q = 10060 - h. Is q a composite number?
True
Suppose 3*q = -317790 + 724240 + 920945. Is q a prime number?
False
Is (317433 - -15) + 76/4 a prime number?
False
Let q(d) = -290*d - 12. Let l be q(-5). Let g = 4611 - l. Suppose -4*m = 5*f - g, -6*f + 5*f - 2394 = -3*m. Is m a composite number?
False
Suppose -20150357 = -316*g + 99*g + 170*g. Is g a prime number?
True
Let o = 181 - 162. Suppose -o*d + 5752 = -11*d. Is d composite?
False
Suppose 334038 - 1570097 = -37*c. Is c a prime number?
False
Suppose -6*v + 2852 = -1672. Let i =